the greatest common divisor of x and 50?
25
Suppose 32 = 3*r + z + z, r - 3*z - 7 = 0. Calculate the greatest common divisor of r and 50.
10
Let v be (-8)/44 - (-3350)/275. Calculate the highest common divisor of v and 12.
12
Suppose -2*l = -2*c - 83 + 15, 3*l - c - 94 = 0. Suppose -4*s - l = 82. Let n = 33 + s. What is the highest common divisor of 55 and n?
5
Suppose 0 = -9*o + 23*o. Suppose -8*z + 22*z - 168 = o. Let g(f) = 12*f. Let u be g(1). Calculate the highest common factor of z and u.
12
Let p = -324 + 1458. What is the highest common divisor of 14 and p?
14
Suppose 99*l - 12*l = 3654. What is the greatest common divisor of l and 1204?
14
Let y(s) = -11*s + 624. Let m be y(56). Calculate the highest common divisor of 568 and m.
8
Suppose -39 = -2*b - 0*b + 3*g, -60 = -3*b + 3*g. Suppose -b + 5 = -2*r. Let v = 28 - r. What is the greatest common divisor of 30 and v?
10
Let o be ((-6)/(-15))/((-5)/(-600)). What is the highest common divisor of 60 and o?
12
Let j = 30 - 5. Let a = 45 - j. Calculate the highest common divisor of a and 80.
20
Let o(v) = -2*v**2 - v + 1. Let j(m) = 2*m**3 - m**2. Let n be j(1). Let b be o(n). Let u be 1914/4*b/(-3). Calculate the highest common divisor of 29 and u.
29
Let c = -3 + 21. Let q(f) = f**2 + 432*f - 3967. Let z be q(9). Calculate the highest common divisor of c and z.
2
Suppose 10 + 17 = 9*h. What is the greatest common factor of 90 and h?
3
Let t(i) be the first derivative of i**3 - 3*i**2 - 7*i + 8. Let m be t(7). What is the greatest common factor of m and 14?
14
Suppose -6 = -q - q. Suppose -q*w + 60 = -0*w. What is the highest common divisor of 60 and w?
20
Let k be ((-12)/(-8))/3*(-3 - -11). What is the highest common divisor of 44 and k?
4
Let v(b) = 0 - 6*b + 5*b - 4. Let a be v(-4). Suppose a = f + z - 7, 0*z - 4*z = 3*f - 17. Calculate the greatest common factor of 11 and f.
11
Let o = 2008 + -1970. What is the greatest common divisor of o and 4?
2
Suppose 13*s = 18*s - 125. What is the greatest common factor of s and 375?
25
Let x = -88 + 138. Calculate the highest common divisor of x and 550.
50
Suppose 0*s + 99 = 3*s. Suppose -4*y + 40 = 2*x, 43 + s = 3*x - 2*y. Calculate the highest common factor of 6 and x.
6
Suppose -p - 3*z = 10 - 126, -4*p + 4*z = -432. What is the greatest common factor of p and 1210?
110
Let s(r) = r + 112. Let y be s(-16). What is the highest common factor of 84 and y?
12
Let w(o) = -4*o**2 - 64*o - 20. Let j be w(-15). What is the highest common divisor of j and 280?
40
Let t(z) = z**3 - 4*z**2 - 3*z - 4. Let v be t(5). Suppose 6*a = -v*a + 60. What is the highest common factor of 1 and a?
1
Let u be -186*((-20 - -21) + 5/(-3)). Calculate the highest common factor of u and 341.
31
Let t = 952 - 937. What is the highest common factor of t and 57?
3
Let l = -129 + 190. What is the highest common factor of l and 793?
61
Let m be (-10)/(-25) + (-18)/(-5). Suppose 3*b + 683 = m*d, d - 3*d + 345 = -5*b. Calculate the highest common factor of 10 and d.
10
Suppose 2*x - 3*x = 3*f - 9, 0 = -4*f - 4. Let n be (152/9)/4 - 52/234. What is the highest common divisor of x and n?
4
Suppose 0 = -k - k - r - 9, 11 = -3*k - r. Let g be ((-72)/(-15) + -4)/(k/(-15)). What is the greatest common divisor of 8 and g?
2
Let i(x) = x**2 + 4*x + 2. Let j be i(-4). Let z = 10 - j. Let o(y) = -305*y - 1216. Let a be o(-4). What is the greatest common divisor of a and z?
4
Let w be 25*(5 + -10 + 6). Let n(t) = -3*t - 2 - 5 - 3 + 2. Let d be n(-6). Calculate the highest common factor of w and d.
5
Let z be -2*(-1)/4*4. Let p(u) = 18*u + 9. Let g be p(-3). Let k = g - -53. Calculate the highest common divisor of k and z.
2
Let d = 353 + -349. Calculate the highest common factor of d and 44.
4
Let a(f) = f**2 + 5*f - 8. Let j be 12/(-8)*32/6. Let q be a(j). Suppose 3*l - 192 = -l. What is the greatest common factor of l and q?
16
Let o be (-3 - -2)/((-16)/1408). What is the highest common divisor of 32 and o?
8
Let r(g) = g**3 - 6*g**2 - 6*g - 7. Let i be r(7). Let o(v) = -2*v - 10. Let s be o(i). Let a be (-3)/2*s/3. What is the highest common divisor of 15 and a?
5
Suppose 0 = 2*w - 5*v - 416, -24 = 26*v - 32*v. What is the greatest common divisor of w and 2?
2
Suppose 2*r + 0*l + 2*l - 280 = 0, -3*r - 2*l = -424. Let d be (-467)/(-13) - (-6)/78. What is the highest common divisor of r and d?
36
Let s be ((1 - -1) + 19)*13. Let j = -6 + 45. What is the highest common factor of j and s?
39
Let w(r) = -r**3 + 2*r. Let b = -10 - -8. Let y be w(b). Suppose -7*h - u + 33 = -y*h, -5*h + 55 = 5*u. What is the greatest common factor of h and 55?
11
Suppose 31*u - 210 = 26*u. What is the highest common divisor of 6 and u?
6
Let d = -588 + 663. What is the greatest common divisor of 195 and d?
15
Suppose -108 = 19*u - 23*u. Calculate the highest common divisor of u and 162.
27
Suppose -4*m + 15 = u + 2*u, -2*u + 2*m + 10 = 0. Suppose -q = 2*j - 31, 0 = -u*j + 26 - 1. What is the highest common divisor of 21 and q?
21
Let o = 49 + -47. Let y be ((-3)/2*4)/(o/(-3)). Calculate the highest common factor of 72 and y.
9
Suppose -270 = -5*k - k. Suppose 3*t + k = 8*t. Calculate the greatest common factor of t and 54.
9
Let w be ((-48)/(-5))/(51/170). Let n(c) = c**3 + 13*c**2 - 13*c + 18. Let x be n(-14). Suppose -x - 44 = -j. What is the highest common factor of j and w?
16
Let s = -833 - -887. What is the greatest common divisor of 138 and s?
6
Let i = -10 + 23. Let j be (-358)/(-12) + i/78. Suppose 108 = 2*w + 4*n, 0 = 2*w - 5*n - 73 - 62. Calculate the greatest common divisor of j and w.
30
Let q be (-2)/(-8) + (-12747)/(-84). What is the greatest common factor of 19 and q?
19
Let m be (-2)/(-9) + 178/9. Suppose 5*g + 10 = -j - 0, -m = 5*g. What is the greatest common divisor of j and 100?
10
Suppose 14 = 3*g - 4. Let f = -2672 + 2726. What is the highest common divisor of g and f?
6
Suppose -g - 42 = -69. Calculate the highest common factor of 189 and g.
27
Suppose 0 = -x - 189 + 277. Calculate the greatest common factor of 33 and x.
11
Let q be (-86)/(-1) + (-1 + 5)/4. Let o = 3 - 0. Suppose o*d - 87 = -0*d. Calculate the highest common divisor of q and d.
29
Let v be (-14 - -9)*(1 - -1 - 3). Suppose -w + v*x = -28, -50 - 51 = -3*w - 2*x. What is the highest common divisor of 132 and w?
33
Let s be (-44)/(-6)*4/(-8)*-3. Let j be s/11 - 54/(-2). What is the greatest common factor of 252 and j?
28
Suppose -4*y + 5*o = -5060 + 1500, -3*y + o = -2659. What is the highest common factor of y and 15?
15
Let w be ((-7)/3)/((-9)/27). Suppose 4*i - w = 29. Let b = 194 + -113. Calculate the greatest common divisor of b and i.
9
Let m be 1/2 - 42/(-12). Suppose 3*l = m*l - 4. Suppose 0 = -p - 5*q + 10, 3*p + 0*q - 41 = -l*q. Calculate the highest common factor of p and 105.
15
Let k(m) = 4*m**3 - 2*m**2 - 32*m + 16. Let p be k(8). What is the greatest common divisor of 28 and p?
28
Let z = 6 + -4. Let p be 105/6 + 1/z. Let o(w) = -w**3 - 3*w**2 + w + 9. Let y be o(-7). What is the highest common factor of p and y?
18
Let z = 0 - -494. Suppose 5*d + 4*r - 456 = 182, z = 4*d - 5*r. What is the highest common factor of d and 14?
14
Let l(q) = -15*q - 457. Let v be l(-32). Let h be (1/(-1))/(7/(-966)). What is the highest common factor of h and v?
23
Suppose -3*q + 31*p - 34*p + 2025 = 0, 3*q - 2001 = 5*p. What is the highest common divisor of q and 7?
7
Suppose -4*n + 25 = -j, 5*j - 7 = n + 1. Suppose n*h - 3*h + 16 = 0. Let m be (-226)/h + 18/(-12). What is the greatest common factor of 22 and m?
11
Suppose 0 = -0*v - 5*v - 185. Let n = -28 - v. Calculate the greatest common factor of 18 and n.
9
Let z(n) = n - 11. Let m be z(14). Let g = 21 - m. Calculate the highest common divisor of 2 and g.
2
Let c = 559 + -507. What is the highest common divisor of 494 and c?
26
Suppose -3*r = -2*r - 5. Let t(s) = -64*s**3 + 40*s**3 - 3*s**2 + 25*s**3. Let p be t(r). What is the highest common divisor of 25 and p?
25
Let f be 10/(-4)*(0 - 14). Let y(a) = -3*a + 23. Let g be y(7). Suppose 11 + 3 = 4*r + 3*n, -12 = -g*r + n. Calculate the highest common divisor of f and r.
5
Suppose 9*c = 4*c + 2*p + 60, 5*c - 3*p = 55. Suppose 58*t - c = 56*t. What is the highest common factor of 14 and t?
7
Let f(q) = 4*q - 24. Let s 